671 composite?
True
Is 2047 composite?
True
Is 253767 a composite number?
True
Is 2707 prime?
True
Is 50411 a prime number?
True
Is 845837 a prime number?
False
Is 21073 composite?
True
Is 16567 prime?
True
Is 495779 a prime number?
False
Is 2962 prime?
False
Is 88541 prime?
False
Is 4579 composite?
True
Is 1511 prime?
True
Is 9217 a composite number?
True
Is 1504123 prime?
False
Is 3017 composite?
True
Is 1080865 a composite number?
True
Is 466607 a composite number?
True
Is 1250551 composite?
False
Is 510793 prime?
True
Is 37397 composite?
False
Is 19277 a composite number?
True
Is 229345 a composite number?
True
Is 44277 a composite number?
True
Is 49673 a prime number?
False
Is 173513 composite?
True
Is 1847 a prime number?
True
Is 275021 a composite number?
True
Is 975181 a composite number?
False
Is 91753 prime?
True
Is 113429 prime?
False
Is 94027 a composite number?
True
Is 3210641 composite?
True
Is 15083 prime?
True
Is 16057 a prime number?
True
Is 59921 composite?
False
Is 289063 prime?
True
Is 184939 a prime number?
False
Is 165397 prime?
True
Is 66205 prime?
False
Is 2018 a prime number?
False
Is 3134 a prime number?
False
Is 13063 composite?
False
Is 413753 composite?
False
Is 13963 composite?
False
Is 3593 a composite number?
False
Is 7393 a composite number?
False
Is 1035563 composite?
False
Is 1266553 composite?
True
Is 63931 a prime number?
False
Is 5519 composite?
False
Is 30757 prime?
True
Is 27217 a composite number?
True
Is 7262 a prime number?
False
Is 137327 a composite number?
True
Is 83767 a prime number?
False
Is 137477 composite?
False
Is 34211 a prime number?
True
Is 136339 prime?
False
Is 58027 a composite number?
False
Is 360803 prime?
True
Is 1010687 a composite number?
False
Is 135613 prime?
True
Is 29527 a composite number?
False
Is 449381 composite?
False
Is 43451 prime?
True
Is 54123 composite?
True
Is 292901 a prime number?
False
Is 1230829 prime?
True
Is 545329 a prime number?
True
Is 30601 composite?
True
Is 22789 prime?
False
Is 661321 a prime number?
True
Is 3176653 a composite number?
True
Is 77429 prime?
False
Is 29459 a composite number?
True
Is 32033 a composite number?
True
Is 126913 a prime number?
True
Is 27785 a composite number?
True
Is 5923 a prime number?
True
Is 2911 a prime number?
False
Is 143779 composite?
False
Is 3881 composite?
False
Is 266273 composite?
True
Is 2270201 composite?
False
Is 511261 a prime number?
True
Is 4409 composite?
False
Is 69677 prime?
True
Is 27065 a composite number?
True
Is 29717 a prime number?
True
Is 808897 composite?
True
Is 83819 a prime number?
False
Is 5539 a prime number?
False
Is 2746 a prime number?
False
Is 8353 a composite number?
False
Is 35579 a prime number?
False
Is 10091 prime?
True
Is 70871 composite?
True
Is 39394 a prime number?
False
Is 53213 prime?
False
Is 5039 a prime number?
True
Is 342997 a composite number?
True
Is 39211 composite?
True
Is 35339 a composite number?
False
Is 26051 a composite number?
True
Is 491 composite?
False
Is 6017 a prime number?
False
Is 1273 composite?
True
Is 2333 prime?
True
Is 75913 a composite number?
False
Is 198013 a composite number?
False
Is 3389797 a composite number?
False
Is 2903203 composite?
False
Is 301319 a prime number?
True
Is 198173 a composite number?
False
Is 2959 composite?
True
Is 14461 a composite number?
False
Is 63103 a composite number?
False
Is 47923 composite?
True
Is 896183 prime?
False
Is 3314 composite?
True
Is 30903 a prime number?
False
Is 4201 composite?
False
Is 3347 a prime number?
True
Is 35353 a prime number?
True
Is 82373 a composite number?
False
Is 46609 a composite number?
True
Is 877 composite?
False
Is 4357591 composite?
True
Is 9743 composite?
False
Is 34691 composite?
True
Is 54299 composite?
True
Is 49481 a prime number?
True
Is 751 a prime number?
True
Is 4507 a prime number?
True
Is 108403 composite?
True
Is 437641 composite?
False
Is 4627 composite?
True
Is 59921 a prime number?
True
Is 7061 prime?
False
Is 24483 prime?
False
Is 97043 a composite number?
True
Is 13751 a prime number?
True
Is 101446 prime?
False
Is 192961 prime?
True
Is 32345 prime?
False
Is 218681 a composite number?
False
Is 82183 prime?
True
Is 25613 a prime number?
False
Is 6779 a composite number?
False
Is 24305 a prime number?
False
Is 13733 prime?
False
Is 58309 composite?
False
Is 948901 composite?
False
Is 224123 composite?
True
Is 4306 a composite number?
True
Is 175229 composite?
False
Is 7393 a prime number?
True
Is 1347 a composite number?
True
Is 851 a composite number?
True
Is 24437 composite?
True
Is 9445 composite?
True
Is 178987 a prime number?
True
Is 342929 composite?
False
Is 861119 prime?
False
Is 1679 prime?
False
Is 80953 composite?
False
Is 63811 a composite number?
True
Is 93037 prime?
False
Is 3151 composite?
True
Is 1438655 composite?
True
Is 3299 prime?
True
Is 11443 a composite number?
False
Is 4843 composite?
True
Is 642779 composite?
False
Is 355307 prime?
True
Is 54347 composite?
False
Is 1208149 composite?
False
Is 144539 a prime number?
True
Is 406613 composite?
True
Is 55163 a prime number?
True
Is 242803 a prime number?
False
Is 21239 prime?
False
Is 113213 a prime number?
True
Is 30647 prime?
False
Is 44097 a composite number?
True
Is 47935 composite?
True
Is 152566 prime?
False
Is 16301 a composite number?
False
Is 962737 composite?
False
Is 109601 composite?
True
Is 29343 a prime number?
False
Is 3685657 a prime number?
True
Is 5951 a prime number?
False
Is 6899 composite?
False
Is 263 a prime number?
True
Is 128813 a prime number?
True
Is 191 a prime number?
True
Is 22201 prime?
False
Is 1718889 prime?
False
Is 3220985 a composite number?
True
Is 1202147 composite?
False
Is 13093 a composite number?
False
Is 9343 a prime number?
True
Is 4541 a composite number?
True
Is 2243011 a prime number?
False
Is 57463 a prime number?
False
Is 775121 prime?
True
Is 6421 prime?
True
Is 398071 a prime number?
False
Is 17021 a composite number?
False
Is 26143 prime?
False
Is 74797 composite?
False
Is 14521 prime?
False
Is 476183 a prime number?
True
Is 116489 prime?
False
Is 107687 a prime number?
True
Is 7726 prime?
False
Is 2351 composite?
False
Is 15101 a composite number?
False
Is 43895 a composite number?
True
Is 308923 prime?
True
Is 53581 composite?
True
Is 1430749 composite?
False
Is 87239 a composite number?
True
Is 61543 a prime number?
True
Is 34863 prime?
False
Is 61837 prime?
True
Is 5297 composite?
False
Is 10559 prime?
True
Is 2204153 prime?
False
Is 184865 a prime number?
False
Is 170627 composite?
False
Is 15311 prime?
False
Is 117497 a prime number?
True
Is 926617 a composite number?
False
Is 905033 a prime number?
False
Is 780211 prime?
True
Is 10111 composite?
False
Is 163243 prime?
True
Is 175201 a prime number?
False
Is 13441 a composite number?
False
Is 15569 a prime number?
True
Is 42213 prime?
False
Is 471419 composite?
True
Is 3057 a prime number?
False
Is 1466633 prime?
False
Is 57773 a composite number?
False
Is 4783 a prime number?
True
Is 341171 a prime number?
True
Is 1927 a prime number?
False
Is 3278699 a prime number?
True
Is 497623 prime?
False
Is 379165 prime?
False
Is 547 a prime number?
True
Is 99961 a prime number?
True
Is 4967 a composite number?
False
Is 26493 a composite number?
True
Is 3491 composite?
False
Is 36073 a prime number?
True
Is 70894 composite?
True
Is 17837 composite?
False
Is 21029 a composite number?
True
Is 3137 a prime number?
True
Is 7097 a prime number?
False
Is 18373 a composite number?
True
Is 272719 composite?
False
Is 244535 prime?
False
Is 15557 prime?
False
Is 48407 prime?
True
Is 11791 a composite number?
True
Is 16217 a composite number?
False
Is 952921 composite?
False
Is 1042 a prime number?
False
Is 29917 composite?
False
Is 938701 composite?
True
Is 183 a prime number?
False
Is 252421 a composite number?
True
Is 2247241 composite?
True
Is 401 prime?
True
Is 57543 composite?
True
Is 25439 a prime number?
True
Is 28983 a prime number?
False
Is 90589 a prime number?
False
Is 7561 composite?
False
Is 178387 prime?
False
Is 30631 prime?
True
Is 264919 prime?
True
Is 5914 prime?
False
Is 103579 composite?
True
Is 1746059 a prime number?
False
Is 28051 a prime number?
True
Is 701 prime?
True
Is 11137